 - 7514/(-51).
3, 7
Suppose -2 = -14*u + 16*u, 2*f = 2*u + 4036. What are the prime factors of f?
2017
What are the prime factors of (-15)/(-40) + (-9197)/(-8)?
2, 5, 23
Suppose h - 305 = -5*g + 165, 452 = h - 4*g. What are the prime factors of h?
2, 5, 23
Suppose 0 = -3*f - 15 + 33. Let w(b) = b - 2. List the prime factors of w(f).
2
Let j(b) = -b + 18. Let m be j(8). Let h = 13 - m. Suppose -6*f = -5*f - t, 0 = h*f + t - 12. List the prime factors of f.
3
Let v = -14 + 14. Suppose v = -5*d - 5*t + 35, 0 = 3*t - 3 - 0. What are the prime factors of 40 + 2*d/4?
43
Suppose v = -15 + 208. Let p = -63 + v. List the prime factors of p.
2, 5, 13
List the prime factors of -2 - 26*14/(-4).
89
Suppose -h - 4*h = -k - 170, -5*k - 102 = -3*h. Suppose 0*t + t = -2*i - 16, -5*t - 3*i - 45 = 0. Let f = h + t. List the prime factors of f.
2, 7
Let j = 0 - -2. Let y be (3/9)/(j/12). What are the prime factors of 70/15*3/y?
7
Let c = -912 + 1281. List the prime factors of c.
3, 41
Let j = -103 + 39. Let i = j + 239. List the prime factors of i.
5, 7
Suppose 935 = -3*n + 4*i, -n + 4*i - 454 = -153. Let z = -193 - n. Let m = z + -75. What are the prime factors of m?
7
Let i = 8365 - 4609. List the prime factors of i.
2, 3, 313
What are the prime factors of (-1374)/(8 - 2 - (-90)/(-12))?
2, 229
Let o(c) = 0*c**2 - 8*c**3 + 2*c**3 - 5*c**2 + c + 2*c**2. Let u be o(-3). Suppose 0 = -2*m + 5*m - u. List the prime factors of m.
2, 11
Let d be (4/(-2))/(8/(-312)). Suppose d = 3*m + 5*r, -m + 4 = 3*r - 18. List the prime factors of m.
31
Let m be ((-4)/3)/((-6)/(-36)). What are the prime factors of (-180)/m + 0 + 12/(-8)?
3, 7
Let g(o) = o + 17. Let t be g(-7). Suppose 5 = -p - j + 4*j, -p - 2*j + t = 0. Suppose -p*z + z = -3*i - 33, 5 = -i. List the prime factors of z.
2, 3
Let h = -1214 + 2254. What are the prime factors of h?
2, 5, 13
Let r(v) = v**2 + 4*v + 7. Let i be r(-8). Let m = -27 + i. List the prime factors of m.
2, 3
Let c be 68/16 + (-1)/4. Suppose -16 = -4*z - c*b, 3*z - b = -0*b + 24. List the prime factors of (-1 + 12)*(8 - z).
11
Suppose 81 = 4*v + 5*v. List the prime factors of 43/((-32)/(-16) + v/(-5)).
5, 43
Let w(q) = -8*q**2 - q + 11. Let v = 11 + -16. Let h(d) = -7*d**2 - d + 11. Let p(g) = v*h(g) + 4*w(g). List the prime factors of p(5).
3, 23
Suppose 3*k - 2120 = 301. What are the prime factors of k?
3, 269
List the prime factors of (10/(-15))/((4/(-606))/2).
2, 101
What are the prime factors of 226*(-204)/(-10 - 2)?
2, 17, 113
Let b(m) = m**3 - 4*m**2 - 10*m + 3. Let r be b(6). Let g = -36 - -60. Let l = g - r. List the prime factors of l.
3
Suppose 2*m = 5*m + 24. Let t = m - -10. List the prime factors of 22 + t + (-4)/2.
2, 11
List the prime factors of ((32/(-12))/1)/(2/(-405)).
2, 3, 5
What are the prime factors of ((-9)/6)/((-12)/3736)?
467
Suppose 0 = -4*v - 3*k + 1663, -2*v + 857 = k + 28. What are the prime factors of v?
2, 103
Let z = -1187 + 1897. What are the prime factors of z?
2, 5, 71
Suppose -5202 = -3*m - 4*h, 4*m + 5*h + 440 = 7377. List the prime factors of m.
2, 11, 79
Let x(m) = -2*m - 6*m + 13 + 18*m + 15*m. Let c be x(7). Suppose c = 3*o + h, -2*h = -3*o - 0*h + 173. What are the prime factors of o?
61
Suppose 0 = r - c - 1948, 12*r + 5*c = 16*r - 7789. List the prime factors of r.
1951
Let k = 296 + 682. List the prime factors of k.
2, 3, 163
Suppose 90 = 7*c - 8*c. What are the prime factors of (-1652)/(-18) - 5/(c/4)?
2, 23
Suppose 6*k - 3*k = 105. Let c be (-3 + 3 - -7)/(-1). What are the prime factors of (c + k)*(-6)/(-8)?
3, 7
Let b be (1 + -5)/(-1) - -148. Suppose 5*a - b = -2*z, 4*z = 2*a + 11 + 245. List the prime factors of z.
2, 3, 11
Suppose 3*l = 2*m + 2280, 5*l - 3233 - 567 = 5*m. List the prime factors of l.
2, 5, 19
Let r = 1008 - 108. List the prime factors of r.
2, 3, 5
Let b be (-1128)/(-28) + (-4)/14. Suppose 0 = 3*y - 9, 2*f = -2*y - 3 + 17. Suppose -3*m - 2*w = -22, 1 = f*m + 5*w - b. What are the prime factors of m?
2
Let y(u) be the second derivative of u**5/20 + 7*u**4/12 + u**3/2 + 3*u**2/2 - u. List the prime factors of y(-5).
2, 19
Suppose 7*w - 9872 = -9*w. What are the prime factors of w?
617
Suppose -5*z = -r + 700, r + z - 3*z - 691 = 0. Suppose -r = -5*s - 5*p, 5*p - 10 = -0*p. What are the prime factors of s?
3, 5
Let x = 5558 + -3160. List the prime factors of x.
2, 11, 109
Let m(b) = b**2 - 17*b - 25. Let c = 6 + 12. Let y be m(c). Let q(d) = d**2 - d + 2. List the prime factors of q(y).
2, 29
Let t(s) = -s**3 - s**2 - s + 1. Let q be t(1). Let k = 25 + -31. List the prime factors of -3 + q/(k/117).
2, 3
Let t(i) = i**3 + 3*i**2 - 5*i - 2. Let f be t(-4). Let y be (-2 - (-3)/f)*6. Let d(c) = -c**3 - c**2 + 3*c - 3. List the prime factors of d(y).
2, 3
Let i(y) = -y**3 + 14*y**2 - 9*y + 10. Let a be i(11). Suppose 137 = -w + a. List the prime factors of w.
137
Suppose 0 = -37*k + 7*k + 10080. What are the prime factors of k?
2, 3, 7
Let l(y) = -y**2 + 17*y - 12. Let r be l(16). Let h(j) = j + 7. Let a(b) = 6*b + 48. Let i(q) = -4*a(q) + 27*h(q). What are the prime factors of i(r)?
3
Let y = 1329 + 1316. List the prime factors of y.
5, 23
Suppose -5*o - 9 - 4 = z, 2*o + 19 = -5*z. Let k be (o - -1)/(1/(-2)). Suppose 0 = -3*r - k*u + 6, -2*r + 14 = 3*r + 2*u. What are the prime factors of r?
2
Let z be 3/((-24)/(-290))*4. Suppose -4*l + 4*u + 120 = 0, 5*l + 4*u = 8*u + z. Suppose 0 = 3*f - 9 - 0, -r = f - l. List the prime factors of r.
2, 11
Suppose -5*q - u + 5865 = 0, 0 = 5*q - u - 120 - 5755. What are the prime factors of q?
2, 587
What are the prime factors of (1 + -811)*(7 + -3 - 6)?
2, 3, 5
Let n be 1/(-1*1/(-18)). Let r = n - 11. Suppose -r + 31 = 4*t. List the prime factors of t.
2, 3
Suppose -74 = -2*d - 5*b, 2*d - 2*b = -d + 111. Suppose -y - 3 = 5*v, 0*v = 2*y - 4*v - 22. Let w = d + y. List the prime factors of w.
2, 11
Let f(z) = z**3 + 5*z**2 - 14*z - 15. Let k be f(-7). List the prime factors of (2/(8/(-6)))/(k/1420).
2, 71
Suppose 228 = -6*j - 468. Let v = -85 - j. What are the prime factors of v?
31
Let r(w) = -10*w**2 + 304*w + 51. What are the prime factors of r(29)?
457
Let q be ((-84)/98)/(2/(-7)). Suppose 2*m = -n + 271, 0*n - q*m + 540 = 2*n. What are the prime factors of n?
3, 89
Let y = 11 - 11. Suppose -3*s = -y*s. Suppose s = -0*t - 3*t + 27. What are the prime factors of t?
3
List the prime factors of (-3337)/(-3) - (-204)/306.
3, 7, 53
Let l = 8 - 19. Let a be 1 + l - (-3 - -4). Let w = -1 - a. List the prime factors of w.
2, 5
Suppose 5*p + 5 = 6*p. Let y(k) = -20*k + 39*k - 17*k + 3 - p. What are the prime factors of y(3)?
2
Let l(u) be the second derivative of u**5/20 + 3*u**4/4 + 5*u**3/3 + 6*u**2 - 2*u. Let p be l(-8). What are the prime factors of (16/(-4))/p - -56?
3, 19
Let x(c) = -5 + 2*c**2 + 14*c - 8 + 0*c**2 + 0*c. List the prime factors of x(-8).
3
Suppose -45 = -0*s - 3*s. Let c be s*((-26)/(-3) - -2). Suppose -35 + c = 5*z. List the prime factors of z.
5
Suppose 0 = -x - 2*d + 199, -8*x + 4*d - d + 1630 = 0. What are the prime factors of x?
7, 29
Suppose 3*f - 17 = 7. Suppose -2*r = -2*z + 80, -r - 2*z - 41 = -1. What are the prime factors of (22/f)/((-5)/r)?
2, 11
Let m(i) = i**2 - i - 1. Let q be m(-2). Suppose -3*p = -2*f + 95, q*f - 215 + 12 = -4*p. What are the prime factors of f?
43
Let u(l) be the first derivative of l**4/4 + 10*l**3/3 - l**2 + 8*l - 88. Let i be (1 - -7 - -2)/(-1). What are the prime factors of u(i)?
2, 7
Let v(k) = -71*k + 340. List the prime factors of v(-40).
2, 3, 5, 53
Let z = 647 - 267. Let t = z + -228. List the prime factors of t.
2, 19
Suppose 24*d - 4*d = 14440. List the prime factors of d.
2, 19
Suppose -5*g - k + 231 + 803 = 0, -3*k = 4*g - 836. Let h = 379 - g. What are the prime factors of h?
173
Suppose 2*h - 8652 = -3646. What are the prime factors of h?
2503
Let b(p) be the third derivative of p**5/30 + p**4/6 - 7*p**3/6 - 7*p**2. What are the prime factors of b(4)?
41
Let l be (-4)/24 + 93/18. Suppose -s + 8 = s - 4*u, l*s - 3*u - 6 = 0. Suppose 4*y + y - 60 = s. List the prime factors of y.
2, 3
Let m = 15 - 9. Suppose m*f = 4*f. List the prime factors of f + (8 - 4) + 27.
31
Suppose -v = 8 - 22. List the prime factors of v.
2, 7
Let a be (1 + 0)/(1/5). List the prime factors of a/((3 - 6)/(-33)